et k(i) = -2*i**3 - 6*i**2 - 8*i - 8. Let f be k(-6). Let h = 267 - 235. What is the greatest common factor of f and h?
32
Let l = -7911 + 8383. Calculate the greatest common divisor of l and 16756.
236
Let j be 2/5 + (-7 - 215/(-25)). Let c(l) = -l**3 + 3*l**2 - 1. Let i be c(j). Let d be (-1*2)/((-2)/3). Calculate the highest common divisor of d and i.
3
Let k = 164 + -92. Suppose 22*d = 25*d - k. What is the highest common factor of 24 and d?
24
Suppose 3*i - 159*y + 155*y = 3514, y + 3502 = 3*i. Calculate the highest common divisor of 352 and i.
22
Suppose -g + 14 = -4*i - 17, -4*i = 5*g - 35. Let z = 24 - g. Suppose -265 = -3*h + y + y, 5*h = -4*y + 471. Calculate the greatest common factor of h and z.
13
Let q = -630 + 633. Suppose -2*z = -19*y + 20*y - 40, -q*z = 12. Calculate the greatest common factor of y and 176.
16
Let o = 49 - 37. Let z(a) = a - 8*a - 1 + a**2 + 10*a - o. Let h be z(10). Calculate the greatest common divisor of h and 39.
39
Suppose 107478 + 200847 = 25*g. Suppose -g = -25*r + 5217. Calculate the greatest common factor of r and 78.
78
Let b be (-15534)/(966/105 - 10 - 7/10). Calculate the highest common divisor of b and 36.
12
Suppose x - g - 14 = 2*g, 5*g = -5*x - 30. Let b be ((4 - 10) + 0)*x. Suppose p = 3*s - 39, 0 = 4*p - b - 6. What is the greatest common divisor of 2 and s?
2
Let f(w) = -17*w**3 - w**2 + 1. Let d be f(1). Let z = -8 - d. Suppose x + 3*v = 21, 0 = -0*x + 4*x - 4*v - 20. Calculate the highest common divisor of x and z.
9
Let q be 2 - ((-256)/(-12))/(4/12). Let t = 62 + q. Suppose t = o - 2*w - 16, 3*o + 2*w - 3 - 29 = 0. What is the highest common factor of 12 and o?
12
Let j = 220 + -105. Suppose 0 = -4*s + 73 - 81, 0 = -2*g + s + 12. What is the highest common factor of g and j?
5
Let u = 1033 + -618. Suppose u - 2760 = -5*a. Calculate the greatest common divisor of a and 67.
67
Suppose -2*f + 164 = -4*l, 3*f + 8*l = 3*l + 191. Suppose 5*m + 2 = -t, -5*t - 5*m - 42 = -9*t. Calculate the highest common divisor of t and f.
8
Let a be (-16)/(-4) + -3 + 23. Let j be (a + 2)/(-1 + (5 - 2)). Let o = 93 + 24. Calculate the highest common factor of j and o.
13
Let l = -8616 + 9291. Calculate the highest common factor of l and 300.
75
Let n = 5375 - 5096. What is the highest common factor of n and 36?
9
Let i(n) = -3*n + 28. Let f be i(4). Suppose f*j - 992 = 12*j. What is the highest common divisor of j and 8?
8
Suppose -1920*l + 569*l = -41881. Let m = 32 - -216. Calculate the highest common factor of m and l.
31
Suppose -5*l - 4398 = -943. Let b = l + 981. What is the greatest common divisor of 10 and b?
10
Let r(n) = 46*n**2 - 4*n + 21. Let w be r(5). Let j = -701 + w. Calculate the greatest common factor of j and 100.
50
Let c = -508 - -790. Let k = c + -281. What is the greatest common divisor of 8 and k?
1
Suppose 0 = 2*u - 93 - 401. Suppose -4*c = j - u, -5*c + j + 88 + 223 = 0. Calculate the greatest common factor of 93 and c.
31
Suppose 0*d + 1624 = 55*d + 3*d. Calculate the greatest common divisor of 188 and d.
4
Let f(p) = 6*p + 0*p - 31*p + 6*p + 12*p - 14. Let m = 12 - 17. Let s be f(m). Calculate the highest common divisor of 7 and s.
7
Let g be ((-24)/132 + (-58)/44)*-2. Let a be (-160)/(0/g - 2). What is the highest common factor of a and 200?
40
Suppose -6005 + 1793 = -26*u. Calculate the highest common divisor of 2079 and u.
27
Let m(f) = -6*f**3 - f - 1. Let v be m(1). Let w = 128 + v. Suppose 0 = -8*n + 13*n - w. What is the greatest common factor of 72 and n?
24
Let d be -2 + 5/10*16. Suppose -d*b + 29*b = 460. What is the greatest common divisor of 20 and b?
20
Let r(k) = -k**3 + 3*k**2 - 4*k + 5. Let g be r(2). Suppose i - g = 25. Calculate the highest common factor of i and 13.
13
Let q(l) = 2*l**2 + 19*l - 3145. Let b be q(56). Calculate the greatest common factor of 231 and b.
33
Suppose 8*q + 129 = 289. Let a(t) = 25*t + 5. Let r be a(5). What is the greatest common factor of r and q?
10
Let q = 29369 - 28977. Calculate the greatest common divisor of q and 12.
4
Suppose 0 = 2*h - 19 + 3. Suppose 2*i + 660 = 4*x, x - 5*i - 102 - 81 = 0. Suppose 29 = h*q - x. Calculate the greatest common factor of q and 216.
24
Let v be 5/((-140)/(-512)) + (-2)/7. Let d be ((-270)/(-81))/(-1 + 21/v). What is the highest common divisor of 740 and d?
20
Suppose 21 = 5*n + 6. Suppose n*z - 292 = j, -z - 4*j - 277 = -4*z. Suppose 2*q = u + 3*q - 14, 3*u = 4*q + 7. What is the greatest common factor of z and u?
9
Suppose -26 = -5*x + 4*o - 6, 0 = o + 5. Let v(y) = -y - 51. Let l be v(x). Let d = 95 + l. What is the greatest common divisor of 22 and d?
22
Let b(l) = 17*l + 1059. Let m be b(-54). Calculate the highest common factor of 18 and m.
3
Let v(l) = l**3 + 175*l**2 - 2*l - 218. Let d be v(-175). Let g = 9 - -211. Calculate the greatest common divisor of d and g.
44
Suppose 3*t - 6 - 36 = 0. Let m be 374/t + 4/14. Let s be (1620/30)/(-5*(-20)/50). Calculate the greatest common factor of m and s.
27
Let b be 3388/63 + (-3 - (-87)/27) + -4. What is the highest common divisor of 10125 and b?
25
Let o(z) = 8*z - 41. Let k be -2 + -3 + 2 - (-2 - 14). Let v be o(k). Suppose -4*t + v - 11 = 0. Calculate the greatest common factor of 104 and t.
13
Suppose 0 = 7*z - 13 + 6. Let i(g) = -5*g + 15. Let b be i(z). What is the highest common factor of 15 and b?
5
Let u = -35156 - -35626. Suppose 0 = -5*q + 3*q + 80. Calculate the greatest common factor of q and u.
10
Suppose 29 - 633 = -2*r + 368. What is the greatest common divisor of 4536 and r?
162
Suppose -8 = -j - 3*j. Suppose -j*c + 78 = -4*l, 2*c + 2*l + 2*l - 110 = 0. Suppose -33 = -4*i + c. Calculate the greatest common divisor of i and 8.
4
Let w(u) = 71*u. Let c be w(2). Let n = c + -135. Let d be -1 + 3*100/6. Calculate the highest common divisor of n and d.
7
Suppose 317*w - 8000 = 309*w. Calculate the greatest common divisor of w and 12.
4
Let d = -986 - -1693. Calculate the greatest common divisor of d and 14.
7
Let n = 624 + -657. Let d(q) = 8*q + 288. Let m be d(n). Calculate the highest common factor of 24 and m.
24
Let p(v) = -23*v + 657. Let f be p(11). What is the highest common divisor of f and 4141?
101
Suppose -84*w + 20 = -74*w. Suppose -w*f - 264 = -3*y, 7*f = -4*y + 2*f + 352. Calculate the highest common factor of 11 and y.
11
Let t(h) = -4*h + 201. Let g(s) = -8*s**3 - 2*s**2 + 8*s + 3. Let w be g(-2). Let c be t(w). Calculate the highest common factor of c and 87.
29
Suppose 0 = -2*a - 4, 7 + 18 = 3*t - 2*a. Let y be 9 + (42/t - 9). Calculate the highest common divisor of y and 2.
2
Let g(r) = 21*r**2 - 167*r + 508. Let y be g(3). Calculate the greatest common divisor of 31948 and y.
196
Let h be 27 + (-3 + 11 - 9). Suppose -h*o + 24*o - 175 = -3*j, -4*j + o = -235. Calculate the greatest common factor of 944 and j.
59
Let g(t) = 3*t**3 + 11*t**2 - 32*t + 18. Let s be g(3). Calculate the highest common divisor of 2346 and s.
102
Suppose -86*l = 110*l - 214*l + 50688. Calculate the greatest common divisor of l and 880.
176
Let w(q) = 3*q**2 + 49*q + 465. Let r be w(-9). What is the greatest common divisor of 623 and r?
89
Let m be (-7)/((-84)/8)*(1 - -2). Let h be (-54)/m*(-27 - -8). What is the highest common factor of h and 27?
27
Let h = 37 + -20. Suppose -k = -h + 55. Let z = -30 - k. What is the highest common divisor of z and 8?
8
Let a(z) = 476*z**3 - z**2 - 2*z - 3. Let l be a(-1). Let v = l + 568. Calculate the highest common divisor of 225 and v.
45
Let o be 200 + (16 - 16)/9. What is the greatest common factor of 2500 and o?
100
Suppose -4*b = -2*x + 7*x - 154, -5*x + 190 = 5*b. Suppose 2*o - 2*f = 170, 2*o = -f + 137 + b. Calculate the greatest common divisor of o and 215.
43
Let m(k) = k**2 - 10*k - 1. Let g be m(12). Suppose g*x - 220 = 19*x. Let b = 125 - x. What is the greatest common divisor of 14 and b?
14
Let k(r) = -33*r - 39. Let s be k(-7). Suppose 0 = -15*g - 9*g + s. Calculate the highest common divisor of g and 376.
8
Suppose 0 = 297*n - 291*n - 212382. Let y be (-2)/(-8) - n/(-92). Calculate the highest common factor of y and 77.
77
Suppose 202 = 45*c - 788. Suppose -c*u + 434 = -15*u. What is the highest common divisor of u and 2?
2
Let a be -9 - (21 - 36 - -4). Let w be -1 - (2 + -8 - -1). Sup